{"id":1284,"date":"2024-03-04T17:28:37","date_gmt":"2024-03-04T20:28:37","guid":{"rendered":"https:\/\/sbeb.org.br\/cbeb2024\/?page_id=1284"},"modified":"2024-08-22T13:21:48","modified_gmt":"2024-08-22T16:21:48","slug":"minicursos","status":"publish","type":"page","link":"https:\/\/sbeb.org.br\/cbeb2024\/minicursos\/","title":{"rendered":"Minicursos"},"content":{"rendered":"\t\t<div data-elementor-type=\"wp-page\" data-elementor-id=\"1284\" class=\"elementor elementor-1284\" data-elementor-post-type=\"page\">\n\t\t\t\t\t\t\t<div class=\"elementor-element elementor-element-b741e45 e-con-full e-flex e-con\" data-id=\"b741e45\" data-element_type=\"container\" data-settings=\"{&quot;content_width&quot;:&quot;full&quot;}\">\n\t\t\t\t<\/div>\n\t\t<div class=\"elementor-element elementor-element-f90e056 e-flex e-con-boxed e-con\" data-id=\"f90e056\" data-element_type=\"container\" data-settings=\"{&quot;content_width&quot;:&quot;boxed&quot;}\">\n\t\t\t\t\t<div class=\"e-con-inner\">\n\t\t\t\t<div class=\"elementor-element elementor-element-e6499c1 elementor-widget elementor-widget-text-editor\" data-id=\"e6499c1\" data-element_type=\"widget\" data-widget_type=\"text-editor.default\">\n\t\t\t\t<div class=\"elementor-widget-container\">\n\t\t\t<style>\/*! elementor - v3.15.0 - 09-08-2023 *\/\n.elementor-widget-text-editor.elementor-drop-cap-view-stacked .elementor-drop-cap{background-color:#69727d;color:#fff}.elementor-widget-text-editor.elementor-drop-cap-view-framed .elementor-drop-cap{color:#69727d;border:3px solid;background-color:transparent}.elementor-widget-text-editor:not(.elementor-drop-cap-view-default) .elementor-drop-cap{margin-top:8px}.elementor-widget-text-editor:not(.elementor-drop-cap-view-default) .elementor-drop-cap-letter{width:1em;height:1em}.elementor-widget-text-editor .elementor-drop-cap{float:left;text-align:center;line-height:1;font-size:50px}.elementor-widget-text-editor .elementor-drop-cap-letter{display:inline-block}<\/style>\t\t\t\t<p>Cada minicurso possui dura\u00e7\u00e3o de 4 horas, no dia 02\/09. Consulte os hor\u00e1rios na nossa <a href=\"https:\/\/sbeb.org.br\/cbeb2024\/programa\/\">Programa\u00e7\u00e3o.<\/a><\/p>\t\t\t\t\t\t<\/div>\n\t\t\t\t<\/div>\n\t\t\t\t<div class=\"elementor-element elementor-element-cbfc8a1 elementor-widget elementor-widget-text-editor\" data-id=\"cbfc8a1\" data-element_type=\"widget\" data-widget_type=\"text-editor.default\">\n\t\t\t\t<div class=\"elementor-widget-container\">\n\t\t\t\t\t\t\t<ul><li><strong>Intelig\u00eancia Artificial em Sa\u00fade;<\/strong><br \/>Profa. Dra. Let\u00edcia Rittner e Dr. Diedre Santos do Carmo<\/li><li><strong>Empreendedorismo e Inova\u00e7\u00e3o em Sa\u00fade: da ideia a evolu\u00e7\u00e3o;<\/strong><br \/>Prof. Dr. Eduardo Garbes Cicconi e Prof. Dr. Eduardo Gomides<\/li><li><strong>Engenharia Cl\u00ednica: O Engenheiro Biom\u00e9dico na Gest\u00e3o Hospitalar;<\/strong><br \/>\u00a0Prof. Dr. Antonio Gilbertoni Jr. e \u00a0Prof. Dr. Zeev Katz<em><em><br \/><\/em><\/em><\/li><li><strong>Separa\u00e7\u00e3o cega de fontes no contexto de sinais biol\u00f3gicos;<\/strong><br \/>\u00a0Profa. Dra. Carina Marconi Germer e Prof. Dr. Leonardo Abdala Elias\u00a0<\/li><li><strong>T\u00e9cnicas avan\u00e7adas de processamento digital de imagens e suas aplica\u00e7\u00f5es na medicina<\/strong><strong>;<br \/><\/strong>Prof. Dr. Marcelo Andrade da Costa Vieira<\/li><li><strong>Bioimpress\u00e3o 3D;<br \/><\/strong><strong>\u00a0<\/strong>Dra. Janaina de Andrea Dernowsek<\/li><li><strong>Infraestrutra da qualidade para Engenharia Biom\u00e9dica;<\/strong><br \/>Prof. Dr. Rodrigo Costa Felix<\/li><li><strong>Rob\u00f3tica em Engenharia Biom\u00e9dica;<\/strong><br \/>Dr. Carlo Rondinoni; Profa. Dra. Maria da Concei\u00e7\u00e3o P. Fonseca; Thatiana Ferreira e Victor Hugo Malheiro<\/li><\/ul>\t\t\t\t\t\t<\/div>\n\t\t\t\t<\/div>\n\t\t\t\t\t<\/div>\n\t\t\t\t<\/div>\n\t\t\t\t\t\t\t<\/div>\n\t\t","protected":false},"excerpt":{"rendered":"<p>Cada minicurso possui dura\u00e7\u00e3o de 4 horas, no dia 02\/09. Consulte os hor\u00e1rios na nossa Programa\u00e7\u00e3o. Intelig\u00eancia Artificial em Sa\u00fade;Profa. Dra. Let\u00edcia Rittner e Dr. Diedre Santos do Carmo Empreendedorismo e Inova\u00e7\u00e3o em Sa\u00fade: da ideia a evolu\u00e7\u00e3o;Prof. Dr. Eduardo Garbes Cicconi e Prof. Dr. Eduardo Gomides Engenharia Cl\u00ednica: O Engenheiro Biom\u00e9dico na Gest\u00e3o Hospitalar;\u00a0Prof. [&hellip;]<\/p>\n","protected":false},"author":6,"featured_media":0,"parent":0,"menu_order":0,"comment_status":"closed","ping_status":"closed","template":"elementor_header_footer","meta":{"footnotes":""},"_links":{"self":[{"href":"https:\/\/sbeb.org.br\/cbeb2024\/wp-json\/wp\/v2\/pages\/1284"}],"collection":[{"href":"https:\/\/sbeb.org.br\/cbeb2024\/wp-json\/wp\/v2\/pages"}],"about":[{"href":"https:\/\/sbeb.org.br\/cbeb2024\/wp-json\/wp\/v2\/types\/page"}],"author":[{"embeddable":true,"href":"https:\/\/sbeb.org.br\/cbeb2024\/wp-json\/wp\/v2\/users\/6"}],"replies":[{"embeddable":true,"href":"https:\/\/sbeb.org.br\/cbeb2024\/wp-json\/wp\/v2\/comments?post=1284"}],"version-history":[{"count":40,"href":"https:\/\/sbeb.org.br\/cbeb2024\/wp-json\/wp\/v2\/pages\/1284\/revisions"}],"predecessor-version":[{"id":3714,"href":"https:\/\/sbeb.org.br\/cbeb2024\/wp-json\/wp\/v2\/pages\/1284\/revisions\/3714"}],"wp:attachment":[{"href":"https:\/\/sbeb.org.br\/cbeb2024\/wp-json\/wp\/v2\/media?parent=1284"}],"curies":[{"name":"wp","href":"https:\/\/api.w.org\/{rel}","templated":true}]}}

<div data-elementor-type="wp-page" data-elementor-id="1284" class="elementor elementor-1284" data-elementor-post-type="page">
							<div class="elementor-element elementor-element-b741e45 e-con-full e-flex e-con" data-id="b741e45" data-element_type="container" data-settings="{&quot;content_width&quot;:&quot;full&quot;}">
				</div>
		<div class="elementor-element elementor-element-f90e056 e-flex e-con-boxed e-con" data-id="f90e056" data-element_type="container" data-settings="{&quot;content_width&quot;:&quot;boxed&quot;}">
					<div class="e-con-inner">
				<div class="elementor-element elementor-element-e6499c1 elementor-widget elementor-widget-text-editor" data-id="e6499c1" data-element_type="widget" data-widget_type="text-editor.default">
				<div class="elementor-widget-container">
			<style>/*! elementor - v3.15.0 - 09-08-2023 */
.elementor-widget-text-editor.elementor-drop-cap-view-stacked .elementor-drop-cap{background-color:#69727d;color:#fff}.elementor-widget-text-editor.elementor-drop-cap-view-framed .elementor-drop-cap{color:#69727d;border:3px solid;background-color:transparent}.elementor-widget-text-editor:not(.elementor-drop-cap-view-default) .elementor-drop-cap{margin-top:8px}.elementor-widget-text-editor:not(.elementor-drop-cap-view-default) .elementor-drop-cap-letter{width:1em;height:1em}.elementor-widget-text-editor .elementor-drop-cap{float:left;text-align:center;line-height:1;font-size:50px}.elementor-widget-text-editor .elementor-drop-cap-letter{display:inline-block}</style>				<p>Cada minicurso possui duração de 4 horas, no dia 02/09. Consulte os horários na nossa <a href="https://sbeb.org.br/cbeb2024/programa/">Programação.</a></p>						</div>
				</div>
				<div class="elementor-element elementor-element-cbfc8a1 elementor-widget elementor-widget-text-editor" data-id="cbfc8a1" data-element_type="widget" data-widget_type="text-editor.default">
				<div class="elementor-widget-container">
							<ul><li><strong>Inteligência Artificial em Saúde;</strong><br />Profa. Dra. Letícia Rittner e Dr. Diedre Santos do Carmo</li><li><strong>Empreendedorismo e Inovação em Saúde: da ideia a evolução;</strong><br />Prof. Dr. Eduardo Garbes Cicconi e Prof. Dr. Eduardo Gomides</li><li><strong>Engenharia Clínica: O Engenheiro Biomédico na Gestão Hospitalar;</strong><br /> Prof. Dr. Antonio Gilbertoni Jr. e  Prof. Dr. Zeev Katz<em><em><br /></em></em></li><li><strong>Separação cega de fontes no contexto de sinais biológicos;</strong><br /> Profa. Dra. Carina Marconi Germer e Prof. Dr. Leonardo Abdala Elias </li><li><strong>Técnicas avançadas de processamento digital de imagens e suas aplicações na medicina</strong><strong>;<br /></strong>Prof. Dr. Marcelo Andrade da Costa Vieira</li><li><strong>Bioimpressão 3D;<br /></strong><strong> </strong>Dra. Janaina de Andrea Dernowsek</li><li><strong>Infraestrutra da qualidade para Engenharia Biomédica;</strong><br />Prof. Dr. Rodrigo Costa Felix</li><li><strong>Robótica em Engenharia Biomédica;</strong><br />Dr. Carlo Rondinoni; Profa. Dra. Maria da Conceição P. Fonseca; Thatiana Ferreira e Victor Hugo Malheiro</li></ul>						</div>
				</div>
					</div>
				</div>
							</div>

<p>Cada minicurso possui duração de 4 horas, no dia 02/09. Consulte os horários na nossa Programação. Inteligência Artificial em Saúde;Profa. Dra. Letícia Rittner e Dr. Diedre Santos do Carmo Empreendedorismo e Inovação em Saúde: da ideia a evolução;Prof. Dr. Eduardo Garbes Cicconi e Prof. Dr. Eduardo Gomides Engenharia Clínica: O Engenheiro Biomédico na Gestão Hospitalar; Prof. [&hellip;]</p>
