{"id":289,"date":"2023-09-17T18:02:15","date_gmt":"2023-09-17T21:02:15","guid":{"rendered":"https:\/\/sbeb.org.br\/cbeb2024\/?page_id=289"},"modified":"2024-07-03T16:56:36","modified_gmt":"2024-07-03T19:56:36","slug":"sobre","status":"publish","type":"page","link":"https:\/\/sbeb.org.br\/cbeb2024\/sobre\/","title":{"rendered":"Sobre"},"content":{"rendered":"\t\t<div data-elementor-type=\"wp-page\" data-elementor-id=\"289\" class=\"elementor elementor-289\" data-elementor-post-type=\"page\">\n\t\t\t\t\t\t\t<div class=\"elementor-element elementor-element-1b92c74 e-con-full e-flex e-con\" data-id=\"1b92c74\" data-element_type=\"container\" data-settings=\"{&quot;content_width&quot;:&quot;full&quot;}\">\n\t\t\t\t<div class=\"elementor-element elementor-element-718fc0a elementor-widget elementor-widget-global elementor-global-1120 elementor-widget-heading\" data-id=\"718fc0a\" data-element_type=\"widget\" data-widget_type=\"heading.default\">\n\t\t\t\t<div class=\"elementor-widget-container\">\n\t\t\t<style>\/*! elementor - v3.15.0 - 09-08-2023 *\/\n.elementor-heading-title{padding:0;margin:0;line-height:1}.elementor-widget-heading .elementor-heading-title[class*=elementor-size-]>a{color:inherit;font-size:inherit;line-height:inherit}.elementor-widget-heading .elementor-heading-title.elementor-size-small{font-size:15px}.elementor-widget-heading .elementor-heading-title.elementor-size-medium{font-size:19px}.elementor-widget-heading .elementor-heading-title.elementor-size-large{font-size:29px}.elementor-widget-heading .elementor-heading-title.elementor-size-xl{font-size:39px}.elementor-widget-heading .elementor-heading-title.elementor-size-xxl{font-size:59px}<\/style><h2 class=\"elementor-heading-title elementor-size-default\">XXIX Congresso Brasileiro de Engenharia Biom\u00e9dica <br>\n02 - 06 de Setembro de 2024 <br>\nRibeir\u00e3o Preto - SP<\/h2>\t\t<\/div>\n\t\t\t\t<\/div>\n\t\t\t\t<\/div>\n\t\t<div class=\"elementor-element elementor-element-3cca308 e-flex e-con-boxed e-con\" data-id=\"3cca308\" data-element_type=\"container\" data-settings=\"{&quot;content_width&quot;:&quot;boxed&quot;}\">\n\t\t\t\t\t<div class=\"e-con-inner\">\n\t\t\t\t<div class=\"elementor-element elementor-element-8a8f644 elementor-widget elementor-widget-heading\" data-id=\"8a8f644\" data-element_type=\"widget\" data-widget_type=\"heading.default\">\n\t\t\t\t<div class=\"elementor-widget-container\">\n\t\t\t<h2 class=\"elementor-heading-title elementor-size-default\">Sobre o evento<\/h2>\t\t<\/div>\n\t\t\t\t<\/div>\n\t\t\t\t<div class=\"elementor-element elementor-element-45b2027 elementor-widget elementor-widget-text-editor\" data-id=\"45b2027\" data-element_type=\"widget\" data-widget_type=\"text-editor.default\">\n\t\t\t\t<div class=\"elementor-widget-container\">\n\t\t\t<style>\/*! elementor - v3.15.0 - 09-08-2023 *\/\n.elementor-widget-text-editor.elementor-drop-cap-view-stacked .elementor-drop-cap{background-color:#69727d;color:#fff}.elementor-widget-text-editor.elementor-drop-cap-view-framed .elementor-drop-cap{color:#69727d;border:3px solid;background-color:transparent}.elementor-widget-text-editor:not(.elementor-drop-cap-view-default) .elementor-drop-cap{margin-top:8px}.elementor-widget-text-editor:not(.elementor-drop-cap-view-default) .elementor-drop-cap-letter{width:1em;height:1em}.elementor-widget-text-editor .elementor-drop-cap{float:left;text-align:center;line-height:1;font-size:50px}.elementor-widget-text-editor .elementor-drop-cap-letter{display:inline-block}<\/style>\t\t\t\t<p>O Congresso Brasileiro de Engenharia Biom\u00e9dica, na sua edi\u00e7\u00e3o de 2024, ocorrer\u00e1 em Ribeir\u00e3o Preto e ser\u00e1 organizado conjuntamente pela Sociedade Brasileira de Engenharia Biom\u00e9dica e pela Faculdade de Filosofia, Ci\u00eancias e Letras da Universidade de S\u00e3o Paulo, no Campus de Ribeir\u00e3o Preto.<\/p><p>A Engenharia Biom\u00e9dica, por sua pr\u00f3pria natureza, \u00e9 uma disciplina multidisciplinar que integra diversas \u00e1reas de conhecimento, visando impulsionar avan\u00e7os cient\u00edficos, tecnol\u00f3gicos e inovadores destinados ao desenvolvimento de produtos e processos no campo da sa\u00fade. Al\u00e9m disso, ela desempenha um papel crucial no est\u00edmulo ao setor industrial, particularmente na forma\u00e7\u00e3o de engenheiros com habilidades, compet\u00eancias e um perfil empreendedor, contribuindo assim para acelerar o desenvolvimento e a transfer\u00eancia de tecnologia. Na edi\u00e7\u00e3o de 2024 do CBEB, teremos a honra de contar com a presen\u00e7a de l\u00edderes representando a academia, a ind\u00fastria e o governo, com o prop\u00f3sito de promover a dissemina\u00e7\u00e3o de avan\u00e7os cient\u00edficos, tecnol\u00f3gicos e inovadores, buscando caminhos para fortalecer o ensino, a pesquisa e o desenvolvimento tecnol\u00f3gico relacionados ao complexo industrial da sa\u00fade no Brasil. Al\u00e9m disso, buscaremos ativamente estimular pol\u00edticas p\u00fablicas que favore\u00e7am o desenvolvimento de inova\u00e7\u00f5es tecnol\u00f3gicas na \u00e1rea de sa\u00fade no pa\u00eds e que facilitem a r\u00e1pida integra\u00e7\u00e3o dessas inova\u00e7\u00f5es no sistema \u00fanico de sa\u00fade, de forma a impactar positivamente toda a sociedade brasileira.<\/p><p>Ao avaliarmos o atual cen\u00e1rio nacional, observamos uma demanda crescente por profissionais, tecnologias e recursos no sistema de sa\u00fade nacional. Al\u00e9m disso, \u00e9 evidente que existe uma demora na transforma\u00e7\u00e3o de prot\u00f3tipos em produtos escal\u00e1veis, bem como na otimiza\u00e7\u00e3o dos processos empregados no setor de sa\u00fade. Tamb\u00e9m \u00e9 percept\u00edvel uma baixa efic\u00e1cia na utiliza\u00e7\u00e3o dos recursos p\u00fablicos destinados a pesquisas aplicadas, em especial no setor de tecnologia em sa\u00fade. Portanto, com o objetivo de estimular o desenvolvimento e a transfer\u00eancia do conhecimento cient\u00edfico, tecnol\u00f3gico e inovador no setor de sa\u00fade, a comiss\u00e3o organizadora definiu que, nesta edi\u00e7\u00e3o do CBEB 2024, as discuss\u00f5es se concentrar\u00e3o no seguinte tema:<\/p>\t\t\t\t\t\t<\/div>\n\t\t\t\t<\/div>\n\t\t\t\t<div class=\"elementor-element elementor-element-37976bb elementor-widget elementor-widget-heading\" data-id=\"37976bb\" data-element_type=\"widget\" data-widget_type=\"heading.default\">\n\t\t\t\t<div class=\"elementor-widget-container\">\n\t\t\t<h2 class=\"elementor-heading-title elementor-size-default\">Integrando Ci\u00eancia, Tecnologia e Inova\u00e7\u00e3o para uma Pr\u00e1tica Cl\u00ednica Acess\u00edvel e Sustent\u00e1vel<\/h2>\t\t<\/div>\n\t\t\t\t<\/div>\n\t\t\t\t<div class=\"elementor-element elementor-element-f993ed1 elementor-widget elementor-widget-text-editor\" data-id=\"f993ed1\" data-element_type=\"widget\" data-widget_type=\"text-editor.default\">\n\t\t\t\t<div class=\"elementor-widget-container\">\n\t\t\t\t\t\t\t<p>Aguardamos ansiosamente a oportunidade de participar de di\u00e1logos significativos e esfor\u00e7os colaborativos para abordar esses desafios e impulsionar o progresso no campo da Engenharia Biom\u00e9dica e da sa\u00fade no Brasil.<\/p>\t\t\t\t\t\t<\/div>\n\t\t\t\t<\/div>\n\t\t\t\t\t<\/div>\n\t\t\t\t<\/div>\n\t\t\t\t\t\t\t<\/div>\n\t\t","protected":false},"excerpt":{"rendered":"<p>XXIX Congresso Brasileiro de Engenharia Biom\u00e9dica 02 &#8211; 06 de Setembro de 2024 Ribeir\u00e3o Preto &#8211; SP Sobre o evento O Congresso Brasileiro de Engenharia Biom\u00e9dica, na sua edi\u00e7\u00e3o de 2024, ocorrer\u00e1 em Ribeir\u00e3o Preto e ser\u00e1 organizado conjuntamente pela Sociedade Brasileira de Engenharia Biom\u00e9dica e pela Faculdade de Filosofia, Ci\u00eancias e Letras da Universidade [&hellip;]<\/p>\n","protected":false},"author":3,"featured_media":0,"parent":0,"menu_order":0,"comment_status":"closed","ping_status":"closed","template":"elementor_header_footer","meta":{"footnotes":""},"_links":{"self":[{"href":"https:\/\/sbeb.org.br\/cbeb2024\/wp-json\/wp\/v2\/pages\/289"}],"collection":[{"href":"https:\/\/sbeb.org.br\/cbeb2024\/wp-json\/wp\/v2\/pages"}],"about":[{"href":"https:\/\/sbeb.org.br\/cbeb2024\/wp-json\/wp\/v2\/types\/page"}],"author":[{"embeddable":true,"href":"https:\/\/sbeb.org.br\/cbeb2024\/wp-json\/wp\/v2\/users\/3"}],"replies":[{"embeddable":true,"href":"https:\/\/sbeb.org.br\/cbeb2024\/wp-json\/wp\/v2\/comments?post=289"}],"version-history":[{"count":72,"href":"https:\/\/sbeb.org.br\/cbeb2024\/wp-json\/wp\/v2\/pages\/289\/revisions"}],"predecessor-version":[{"id":2903,"href":"https:\/\/sbeb.org.br\/cbeb2024\/wp-json\/wp\/v2\/pages\/289\/revisions\/2903"}],"wp:attachment":[{"href":"https:\/\/sbeb.org.br\/cbeb2024\/wp-json\/wp\/v2\/media?parent=289"}],"curies":[{"name":"wp","href":"https:\/\/api.w.org\/{rel}","templated":true}]}}

<div data-elementor-type="wp-page" data-elementor-id="289" class="elementor elementor-289" data-elementor-post-type="page">
							<div class="elementor-element elementor-element-1b92c74 e-con-full e-flex e-con" data-id="1b92c74" data-element_type="container" data-settings="{&quot;content_width&quot;:&quot;full&quot;}">
				<div class="elementor-element elementor-element-718fc0a elementor-widget elementor-widget-global elementor-global-1120 elementor-widget-heading" data-id="718fc0a" data-element_type="widget" data-widget_type="heading.default">
				<div class="elementor-widget-container">
			<style>/*! elementor - v3.15.0 - 09-08-2023 */
.elementor-heading-title{padding:0;margin:0;line-height:1}.elementor-widget-heading .elementor-heading-title[class*=elementor-size-]>a{color:inherit;font-size:inherit;line-height:inherit}.elementor-widget-heading .elementor-heading-title.elementor-size-small{font-size:15px}.elementor-widget-heading .elementor-heading-title.elementor-size-medium{font-size:19px}.elementor-widget-heading .elementor-heading-title.elementor-size-large{font-size:29px}.elementor-widget-heading .elementor-heading-title.elementor-size-xl{font-size:39px}.elementor-widget-heading .elementor-heading-title.elementor-size-xxl{font-size:59px}</style><h2 class="elementor-heading-title elementor-size-default">XXIX Congresso Brasileiro de Engenharia Biomédica <br>
02 - 06 de Setembro de 2024 <br>
Ribeirão Preto - SP</h2>		</div>
				</div>
				</div>
		<div class="elementor-element elementor-element-3cca308 e-flex e-con-boxed e-con" data-id="3cca308" data-element_type="container" data-settings="{&quot;content_width&quot;:&quot;boxed&quot;}">
					<div class="e-con-inner">
				<div class="elementor-element elementor-element-8a8f644 elementor-widget elementor-widget-heading" data-id="8a8f644" data-element_type="widget" data-widget_type="heading.default">
				<div class="elementor-widget-container">
			<h2 class="elementor-heading-title elementor-size-default">Sobre o evento</h2>		</div>
				</div>
				<div class="elementor-element elementor-element-45b2027 elementor-widget elementor-widget-text-editor" data-id="45b2027" data-element_type="widget" data-widget_type="text-editor.default">
				<div class="elementor-widget-container">
			<style>/*! elementor - v3.15.0 - 09-08-2023 */
.elementor-widget-text-editor.elementor-drop-cap-view-stacked .elementor-drop-cap{background-color:#69727d;color:#fff}.elementor-widget-text-editor.elementor-drop-cap-view-framed .elementor-drop-cap{color:#69727d;border:3px solid;background-color:transparent}.elementor-widget-text-editor:not(.elementor-drop-cap-view-default) .elementor-drop-cap{margin-top:8px}.elementor-widget-text-editor:not(.elementor-drop-cap-view-default) .elementor-drop-cap-letter{width:1em;height:1em}.elementor-widget-text-editor .elementor-drop-cap{float:left;text-align:center;line-height:1;font-size:50px}.elementor-widget-text-editor .elementor-drop-cap-letter{display:inline-block}</style>				<p>O Congresso Brasileiro de Engenharia Biomédica, na sua edição de 2024, ocorrerá em Ribeirão Preto e será organizado conjuntamente pela Sociedade Brasileira de Engenharia Biomédica e pela Faculdade de Filosofia, Ciências e Letras da Universidade de São Paulo, no Campus de Ribeirão Preto.</p><p>A Engenharia Biomédica, por sua própria natureza, é uma disciplina multidisciplinar que integra diversas áreas de conhecimento, visando impulsionar avanços científicos, tecnológicos e inovadores destinados ao desenvolvimento de produtos e processos no campo da saúde. Além disso, ela desempenha um papel crucial no estímulo ao setor industrial, particularmente na formação de engenheiros com habilidades, competências e um perfil empreendedor, contribuindo assim para acelerar o desenvolvimento e a transferência de tecnologia. Na edição de 2024 do CBEB, teremos a honra de contar com a presença de líderes representando a academia, a indústria e o governo, com o propósito de promover a disseminação de avanços científicos, tecnológicos e inovadores, buscando caminhos para fortalecer o ensino, a pesquisa e o desenvolvimento tecnológico relacionados ao complexo industrial da saúde no Brasil. Além disso, buscaremos ativamente estimular políticas públicas que favoreçam o desenvolvimento de inovações tecnológicas na área de saúde no país e que facilitem a rápida integração dessas inovações no sistema único de saúde, de forma a impactar positivamente toda a sociedade brasileira.</p><p>Ao avaliarmos o atual cenário nacional, observamos uma demanda crescente por profissionais, tecnologias e recursos no sistema de saúde nacional. Além disso, é evidente que existe uma demora na transformação de protótipos em produtos escaláveis, bem como na otimização dos processos empregados no setor de saúde. Também é perceptível uma baixa eficácia na utilização dos recursos públicos destinados a pesquisas aplicadas, em especial no setor de tecnologia em saúde. Portanto, com o objetivo de estimular o desenvolvimento e a transferência do conhecimento científico, tecnológico e inovador no setor de saúde, a comissão organizadora definiu que, nesta edição do CBEB 2024, as discussões se concentrarão no seguinte tema:</p>						</div>
				</div>
				<div class="elementor-element elementor-element-37976bb elementor-widget elementor-widget-heading" data-id="37976bb" data-element_type="widget" data-widget_type="heading.default">
				<div class="elementor-widget-container">
			<h2 class="elementor-heading-title elementor-size-default">Integrando Ciência, Tecnologia e Inovação para uma Prática Clínica Acessível e Sustentável</h2>		</div>
				</div>
				<div class="elementor-element elementor-element-f993ed1 elementor-widget elementor-widget-text-editor" data-id="f993ed1" data-element_type="widget" data-widget_type="text-editor.default">
				<div class="elementor-widget-container">
							<p>Aguardamos ansiosamente a oportunidade de participar de diálogos significativos e esforços colaborativos para abordar esses desafios e impulsionar o progresso no campo da Engenharia Biomédica e da saúde no Brasil.</p>						</div>
				</div>
					</div>
				</div>
							</div>

<p>XXIX Congresso Brasileiro de Engenharia Biomédica 02 &#8211; 06 de Setembro de 2024 Ribeirão Preto &#8211; SP Sobre o evento O Congresso Brasileiro de Engenharia Biomédica, na sua edição de 2024, ocorrerá em Ribeirão Preto e será organizado conjuntamente pela Sociedade Brasileira de Engenharia Biomédica e pela Faculdade de Filosofia, Ciências e Letras da Universidade [&hellip;]</p>
