{"id":2896,"date":"2024-07-03T16:46:01","date_gmt":"2024-07-03T19:46:01","guid":{"rendered":"https:\/\/sbeb.org.br\/cbeb2024\/?page_id=2896"},"modified":"2024-09-03T13:46:19","modified_gmt":"2024-09-03T16:46:19","slug":"solicitacao-de-nota-de-empenho","status":"publish","type":"page","link":"https:\/\/sbeb.org.br\/cbeb2024\/solicitacao-de-nota-de-empenho\/","title":{"rendered":"Solicita\u00e7\u00e3o de Nota de Empenho"},"content":{"rendered":"\t\t<div data-elementor-type=\"wp-page\" data-elementor-id=\"2896\" class=\"elementor elementor-2896\" data-elementor-post-type=\"page\">\n\t\t\t\t\t\t\t<div class=\"elementor-element elementor-element-b741e45 e-con-full e-flex e-con\" data-id=\"b741e45\" data-element_type=\"container\" data-settings=\"{&quot;content_width&quot;:&quot;full&quot;}\">\n\t\t\t\t<div class=\"elementor-element elementor-element-de138ff elementor-widget elementor-widget-spacer\" data-id=\"de138ff\" data-element_type=\"widget\" data-widget_type=\"spacer.default\">\n\t\t\t\t<div class=\"elementor-widget-container\">\n\t\t\t<style>\/*! elementor - v3.15.0 - 09-08-2023 *\/\n.elementor-column .elementor-spacer-inner{height:var(--spacer-size)}.e-con{--container-widget-width:100%}.e-con-inner>.elementor-widget-spacer,.e-con>.elementor-widget-spacer{width:var(--container-widget-width,var(--spacer-size));--align-self:var(--container-widget-align-self,initial);--flex-shrink:0}.e-con-inner>.elementor-widget-spacer>.elementor-widget-container,.e-con-inner>.elementor-widget-spacer>.elementor-widget-container>.elementor-spacer,.e-con>.elementor-widget-spacer>.elementor-widget-container,.e-con>.elementor-widget-spacer>.elementor-widget-container>.elementor-spacer{height:100%}.e-con-inner>.elementor-widget-spacer>.elementor-widget-container>.elementor-spacer>.elementor-spacer-inner,.e-con>.elementor-widget-spacer>.elementor-widget-container>.elementor-spacer>.elementor-spacer-inner{height:var(--container-widget-height,var(--spacer-size))}<\/style>\t\t<div class=\"elementor-spacer\">\n\t\t\t<div class=\"elementor-spacer-inner\"><\/div>\n\t\t<\/div>\n\t\t\t\t<\/div>\n\t\t\t\t<\/div>\n\t\t<div class=\"elementor-element elementor-element-31237b2 e-flex e-con-boxed e-con\" data-id=\"31237b2\" data-element_type=\"container\" data-settings=\"{&quot;content_width&quot;:&quot;boxed&quot;}\">\n\t\t\t\t\t<div class=\"e-con-inner\">\n\t\t\t\t<div class=\"elementor-element elementor-element-533980b elementor-widget elementor-widget-heading\" data-id=\"533980b\" data-element_type=\"widget\" data-widget_type=\"heading.default\">\n\t\t\t\t<div class=\"elementor-widget-container\">\n\t\t\t<style>\/*! elementor - v3.15.0 - 09-08-2023 *\/\n.elementor-heading-title{padding:0;margin:0;line-height:1}.elementor-widget-heading .elementor-heading-title[class*=elementor-size-]>a{color:inherit;font-size:inherit;line-height:inherit}.elementor-widget-heading .elementor-heading-title.elementor-size-small{font-size:15px}.elementor-widget-heading .elementor-heading-title.elementor-size-medium{font-size:19px}.elementor-widget-heading .elementor-heading-title.elementor-size-large{font-size:29px}.elementor-widget-heading .elementor-heading-title.elementor-size-xl{font-size:39px}.elementor-widget-heading .elementor-heading-title.elementor-size-xxl{font-size:59px}<\/style><h2 class=\"elementor-heading-title elementor-size-default\">Baixe aqui os documentos para Solicita\u00e7\u00e3o de Nota de Empenho<\/h2>\t\t<\/div>\n\t\t\t\t<\/div>\n\t\t\t\t<div class=\"elementor-element elementor-element-87a69bb elementor-widget elementor-widget-text-editor\" data-id=\"87a69bb\" data-element_type=\"widget\" data-widget_type=\"text-editor.default\">\n\t\t\t\t<div class=\"elementor-widget-container\">\n\t\t\t<style>\/*! elementor - v3.15.0 - 09-08-2023 *\/\n.elementor-widget-text-editor.elementor-drop-cap-view-stacked .elementor-drop-cap{background-color:#69727d;color:#fff}.elementor-widget-text-editor.elementor-drop-cap-view-framed .elementor-drop-cap{color:#69727d;border:3px solid;background-color:transparent}.elementor-widget-text-editor:not(.elementor-drop-cap-view-default) .elementor-drop-cap{margin-top:8px}.elementor-widget-text-editor:not(.elementor-drop-cap-view-default) .elementor-drop-cap-letter{width:1em;height:1em}.elementor-widget-text-editor .elementor-drop-cap{float:left;text-align:center;line-height:1;font-size:50px}.elementor-widget-text-editor .elementor-drop-cap-letter{display:inline-block}<\/style>\t\t\t\t<p>Com esses dados para empenho \u00e9 poss\u00edvel gerar o recibo. Caso necessite de nota fiscal, fa\u00e7a sua solicita\u00e7\u00e3o atrav\u00e9s do e-mail: <a href=\"mailto:vinicius.padilha@oxfordeventos.com.br\">vinicius.padilha@oxfordeventos.com.br<\/a><\/p>\t\t\t\t\t\t<\/div>\n\t\t\t\t<\/div>\n\t\t\t\t\t<\/div>\n\t\t\t\t<\/div>\n\t\t\t\t<\/div>\n\t\t<div class=\"elementor-element elementor-element-076a9a4 e-flex e-con-boxed e-con\" data-id=\"076a9a4\" data-element_type=\"container\" data-settings=\"{&quot;content_width&quot;:&quot;boxed&quot;}\">\n\t\t\t\t\t<div class=\"e-con-inner\">\n\t\t<div class=\"elementor-element elementor-element-f192562 e-con-full e-flex e-con\" data-id=\"f192562\" data-element_type=\"container\" data-settings=\"{&quot;content_width&quot;:&quot;full&quot;}\">\n\t\t\t\t<div class=\"elementor-element elementor-element-e6afe3a elementor-align-center elementor-widget__width-inherit elementor-widget elementor-widget-button\" data-id=\"e6afe3a\" data-element_type=\"widget\" data-widget_type=\"button.default\">\n\t\t\t\t<div class=\"elementor-widget-container\">\n\t\t\t\t\t<div class=\"elementor-button-wrapper\">\n\t\t\t<a class=\"elementor-button elementor-button-link elementor-size-lg elementor-animation-grow\" href=\"https:\/\/sbeb.org.br\/cbeb2024\/wp-content\/uploads\/2024\/09\/Cartao-CNPJ-SBEB-Tax-ID.pdf\" download=\"https:\/\/sbeb.org.br\/cbeb2024\/wp-content\/uploads\/2024\/07\/Certidao-negativa-correcional.pdf\">\n\t\t\t\t\t\t<span class=\"elementor-button-content-wrapper\">\n\t\t\t\t\t\t<span class=\"elementor-button-icon elementor-align-icon-left\">\n\t\t\t\t<i aria-hidden=\"true\" class=\"far fa-file-pdf\"><\/i>\t\t\t<\/span>\n\t\t\t\t\t\t<span class=\"elementor-button-text\">Cart\u00e3o CNPJ SBEB - Tax ID<\/span>\n\t\t<\/span>\n\t\t\t\t\t<\/a>\n\t\t<\/div>\n\t\t\t\t<\/div>\n\t\t\t\t<\/div>\n\t\t\t\t<div class=\"elementor-element elementor-element-0453082 elementor-align-center elementor-widget__width-inherit elementor-widget elementor-widget-button\" data-id=\"0453082\" data-element_type=\"widget\" data-widget_type=\"button.default\">\n\t\t\t\t<div class=\"elementor-widget-container\">\n\t\t\t\t\t<div class=\"elementor-button-wrapper\">\n\t\t\t<a class=\"elementor-button elementor-button-link elementor-size-lg elementor-animation-grow\" href=\"https:\/\/sbeb.org.br\/cbeb2024\/wp-content\/uploads\/2024\/07\/Certidao-negativa-de-debitos-SEFAZ-RJ.pdf\" download=\"https:\/\/sbeb.org.br\/cbeb2024\/wp-content\/uploads\/2024\/07\/Certidao-negativa-de-debitos-SEFAZ-RJ.pdf\">\n\t\t\t\t\t\t<span class=\"elementor-button-content-wrapper\">\n\t\t\t\t\t\t<span class=\"elementor-button-icon elementor-align-icon-left\">\n\t\t\t\t<i aria-hidden=\"true\" class=\"far fa-file-pdf\"><\/i>\t\t\t<\/span>\n\t\t\t\t\t\t<span class=\"elementor-button-text\">Certid\u00e3o negativa de d\u00e9bitos (SEFAZ-RJ)<\/span>\n\t\t<\/span>\n\t\t\t\t\t<\/a>\n\t\t<\/div>\n\t\t\t\t<\/div>\n\t\t\t\t<\/div>\n\t\t\t\t<div class=\"elementor-element elementor-element-9f17c38 elementor-align-center elementor-widget__width-inherit elementor-widget elementor-widget-button\" data-id=\"9f17c38\" data-element_type=\"widget\" data-widget_type=\"button.default\">\n\t\t\t\t<div class=\"elementor-widget-container\">\n\t\t\t\t\t<div class=\"elementor-button-wrapper\">\n\t\t\t<a class=\"elementor-button elementor-button-link elementor-size-lg elementor-animation-grow\" href=\"https:\/\/sbeb.org.br\/cbeb2024\/wp-content\/uploads\/2024\/07\/Certidao-negativa-de-debitos-Justica-do-Trabalho.pdf\" download=\"https:\/\/sbeb.org.br\/cbeb2024\/wp-content\/uploads\/2024\/07\/Certidao-negativa-de-debitos-Justica-do-Trabalho.pdf\">\n\t\t\t\t\t\t<span class=\"elementor-button-content-wrapper\">\n\t\t\t\t\t\t<span class=\"elementor-button-icon elementor-align-icon-left\">\n\t\t\t\t<i aria-hidden=\"true\" class=\"far fa-file-pdf\"><\/i>\t\t\t<\/span>\n\t\t\t\t\t\t<span class=\"elementor-button-text\">Certid\u00e3o negativa de d\u00e9bitos (TST)<\/span>\n\t\t<\/span>\n\t\t\t\t\t<\/a>\n\t\t<\/div>\n\t\t\t\t<\/div>\n\t\t\t\t<\/div>\n\t\t\t\t<div class=\"elementor-element elementor-element-2c6c630 elementor-align-center elementor-widget__width-inherit elementor-widget elementor-widget-button\" data-id=\"2c6c630\" data-element_type=\"widget\" data-widget_type=\"button.default\">\n\t\t\t\t<div class=\"elementor-widget-container\">\n\t\t\t\t\t<div class=\"elementor-button-wrapper\">\n\t\t\t<a class=\"elementor-button elementor-button-link elementor-size-lg elementor-animation-grow\" href=\"https:\/\/sbeb.org.br\/cbeb2024\/wp-content\/uploads\/2024\/07\/Declaracao-de-Notorio-Saber.pdf\" download=\"https:\/\/sbeb.org.br\/cbeb2024\/wp-content\/uploads\/2024\/07\/Declaracao-de-Notorio-Saber.pdf\">\n\t\t\t\t\t\t<span class=\"elementor-button-content-wrapper\">\n\t\t\t\t\t\t<span class=\"elementor-button-icon elementor-align-icon-left\">\n\t\t\t\t<i aria-hidden=\"true\" class=\"far fa-file-pdf\"><\/i>\t\t\t<\/span>\n\t\t\t\t\t\t<span class=\"elementor-button-text\">Declara\u00e7\u00e3o de Not\u00f3rio Saber<\/span>\n\t\t<\/span>\n\t\t\t\t\t<\/a>\n\t\t<\/div>\n\t\t\t\t<\/div>\n\t\t\t\t<\/div>\n\t\t\t\t<div class=\"elementor-element elementor-element-4f8de85 elementor-align-center elementor-widget__width-inherit elementor-widget elementor-widget-button\" data-id=\"4f8de85\" data-element_type=\"widget\" data-widget_type=\"button.default\">\n\t\t\t\t<div class=\"elementor-widget-container\">\n\t\t\t\t\t<div class=\"elementor-button-wrapper\">\n\t\t\t<a class=\"elementor-button elementor-button-link elementor-size-lg elementor-animation-grow\" href=\"https:\/\/sbeb.org.br\/cbeb2024\/wp-content\/uploads\/2024\/07\/Declaracao-de-Preco-de-Mercado.pdf\" download=\"https:\/\/sbeb.org.br\/cbeb2024\/wp-content\/uploads\/2024\/07\/Declaracao-de-Preco-de-Mercado.pdf\">\n\t\t\t\t\t\t<span class=\"elementor-button-content-wrapper\">\n\t\t\t\t\t\t<span class=\"elementor-button-icon elementor-align-icon-left\">\n\t\t\t\t<i aria-hidden=\"true\" class=\"far fa-file-pdf\"><\/i>\t\t\t<\/span>\n\t\t\t\t\t\t<span class=\"elementor-button-text\">Declara\u00e7\u00e3o de Pre\u00e7o de Mercado<\/span>\n\t\t<\/span>\n\t\t\t\t\t<\/a>\n\t\t<\/div>\n\t\t\t\t<\/div>\n\t\t\t\t<\/div>\n\t\t\t\t<div class=\"elementor-element elementor-element-5b70faa elementor-align-center elementor-widget__width-inherit elementor-widget elementor-widget-button\" data-id=\"5b70faa\" data-element_type=\"widget\" data-widget_type=\"button.default\">\n\t\t\t\t<div class=\"elementor-widget-container\">\n\t\t\t\t\t<div class=\"elementor-button-wrapper\">\n\t\t\t<a class=\"elementor-button elementor-button-link elementor-size-lg elementor-animation-grow\" href=\"https:\/\/sbeb.org.br\/cbeb2024\/wp-content\/uploads\/2024\/07\/Certidao-negativa-correcional.pdf\" download=\"https:\/\/sbeb.org.br\/cbeb2024\/wp-content\/uploads\/2024\/07\/Certidao-negativa-correcional.pdf\">\n\t\t\t\t\t\t<span class=\"elementor-button-content-wrapper\">\n\t\t\t\t\t\t<span class=\"elementor-button-icon elementor-align-icon-left\">\n\t\t\t\t<i aria-hidden=\"true\" class=\"far fa-file-pdf\"><\/i>\t\t\t<\/span>\n\t\t\t\t\t\t<span class=\"elementor-button-text\">Certid\u00e3o negativa correcional<\/span>\n\t\t<\/span>\n\t\t\t\t\t<\/a>\n\t\t<\/div>\n\t\t\t\t<\/div>\n\t\t\t\t<\/div>\n\t\t\t\t<\/div>\n\t\t<div class=\"elementor-element elementor-element-9efd287 e-con-full e-flex e-con\" data-id=\"9efd287\" data-element_type=\"container\" data-settings=\"{&quot;content_width&quot;:&quot;full&quot;}\">\n\t\t\t\t<div class=\"elementor-element elementor-element-1c01a69 elementor-align-center elementor-widget__width-inherit elementor-widget elementor-widget-button\" data-id=\"1c01a69\" data-element_type=\"widget\" data-widget_type=\"button.default\">\n\t\t\t\t<div class=\"elementor-widget-container\">\n\t\t\t\t\t<div class=\"elementor-button-wrapper\">\n\t\t\t<a class=\"elementor-button elementor-button-link elementor-size-lg elementor-animation-grow\" href=\"https:\/\/sbeb.org.br\/cbeb2024\/wp-content\/uploads\/2024\/07\/Termo-de-Inexgibilidade.pdf\" download=\"https:\/\/sbeb.org.br\/cbeb2024\/wp-content\/uploads\/2024\/07\/Termo-de-Inexgibilidade.pdf\">\n\t\t\t\t\t\t<span class=\"elementor-button-content-wrapper\">\n\t\t\t\t\t\t<span class=\"elementor-button-icon elementor-align-icon-left\">\n\t\t\t\t<i aria-hidden=\"true\" class=\"far fa-file-pdf\"><\/i>\t\t\t<\/span>\n\t\t\t\t\t\t<span class=\"elementor-button-text\">Termo de Inexgibilidade<\/span>\n\t\t<\/span>\n\t\t\t\t\t<\/a>\n\t\t<\/div>\n\t\t\t\t<\/div>\n\t\t\t\t<\/div>\n\t\t\t\t<div class=\"elementor-element elementor-element-a631818 elementor-align-center elementor-widget__width-inherit elementor-widget elementor-widget-button\" data-id=\"a631818\" data-element_type=\"widget\" data-widget_type=\"button.default\">\n\t\t\t\t<div class=\"elementor-widget-container\">\n\t\t\t\t\t<div class=\"elementor-button-wrapper\">\n\t\t\t<a class=\"elementor-button elementor-button-link elementor-size-lg elementor-animation-grow\" href=\"https:\/\/sbeb.org.br\/cbeb2024\/wp-content\/uploads\/2024\/07\/Certificado-de-Regularidade-do-FGTS.pdf\" download=\"https:\/\/sbeb.org.br\/cbeb2024\/wp-content\/uploads\/2024\/07\/Certificado-de-Regularidade-do-FGTS.pdf\">\n\t\t\t\t\t\t<span class=\"elementor-button-content-wrapper\">\n\t\t\t\t\t\t<span class=\"elementor-button-icon elementor-align-icon-left\">\n\t\t\t\t<i aria-hidden=\"true\" class=\"far fa-file-pdf\"><\/i>\t\t\t<\/span>\n\t\t\t\t\t\t<span class=\"elementor-button-text\">Certificado de Regularidade do FGTS<\/span>\n\t\t<\/span>\n\t\t\t\t\t<\/a>\n\t\t<\/div>\n\t\t\t\t<\/div>\n\t\t\t\t<\/div>\n\t\t\t\t<div class=\"elementor-element elementor-element-54e3d5c elementor-align-center elementor-widget__width-inherit elementor-widget elementor-widget-button\" data-id=\"54e3d5c\" data-element_type=\"widget\" data-widget_type=\"button.default\">\n\t\t\t\t<div class=\"elementor-widget-container\">\n\t\t\t\t\t<div class=\"elementor-button-wrapper\">\n\t\t\t<a class=\"elementor-button elementor-button-link elementor-size-lg elementor-animation-grow\" href=\"https:\/\/sbeb.org.br\/cbeb2024\/wp-content\/uploads\/2024\/07\/Relatorio-de-Inclusao-no-Cadin.pdf\" download=\"https:\/\/sbeb.org.br\/cbeb2024\/wp-content\/uploads\/2024\/07\/Relatorio-de-Inclusao-no-Cadin.pdf\">\n\t\t\t\t\t\t<span class=\"elementor-button-content-wrapper\">\n\t\t\t\t\t\t<span class=\"elementor-button-icon elementor-align-icon-left\">\n\t\t\t\t<i aria-hidden=\"true\" class=\"far fa-file-pdf\"><\/i>\t\t\t<\/span>\n\t\t\t\t\t\t<span class=\"elementor-button-text\">Relat\u00f3rio de Inclus\u00e3o no Cadin<\/span>\n\t\t<\/span>\n\t\t\t\t\t<\/a>\n\t\t<\/div>\n\t\t\t\t<\/div>\n\t\t\t\t<\/div>\n\t\t\t\t<div class=\"elementor-element elementor-element-8480add elementor-align-center elementor-widget__width-inherit elementor-widget elementor-widget-button\" data-id=\"8480add\" data-element_type=\"widget\" data-widget_type=\"button.default\">\n\t\t\t\t<div class=\"elementor-widget-container\">\n\t\t\t\t\t<div class=\"elementor-button-wrapper\">\n\t\t\t<a class=\"elementor-button elementor-button-link elementor-size-lg elementor-animation-grow\" href=\"https:\/\/sbeb.org.br\/cbeb2024\/wp-content\/uploads\/2024\/07\/Declaracao-de-Entidade-Sem-Fins-Lucrativos-.pdf\" download=\"https:\/\/sbeb.org.br\/cbeb2024\/wp-content\/uploads\/2024\/07\/Declaracao-de-Entidade-Sem-Fins-Lucrativos-.pdf\">\n\t\t\t\t\t\t<span class=\"elementor-button-content-wrapper\">\n\t\t\t\t\t\t<span class=\"elementor-button-icon elementor-align-icon-left\">\n\t\t\t\t<i aria-hidden=\"true\" class=\"far fa-file-pdf\"><\/i>\t\t\t<\/span>\n\t\t\t\t\t\t<span class=\"elementor-button-text\">Declara\u00e7\u00e3o de Entidade Sem Fins Lucrativos<\/span>\n\t\t<\/span>\n\t\t\t\t\t<\/a>\n\t\t<\/div>\n\t\t\t\t<\/div>\n\t\t\t\t<\/div>\n\t\t\t\t<div class=\"elementor-element elementor-element-c3d336a elementor-align-center elementor-widget__width-inherit elementor-widget elementor-widget-button\" data-id=\"c3d336a\" data-element_type=\"widget\" data-widget_type=\"button.default\">\n\t\t\t\t<div class=\"elementor-widget-container\">\n\t\t\t\t\t<div class=\"elementor-button-wrapper\">\n\t\t\t<a class=\"elementor-button elementor-button-link elementor-size-lg elementor-animation-grow\" href=\"https:\/\/sbeb.org.br\/cbeb2024\/wp-content\/uploads\/2024\/07\/Certidao-positiva-com-efeitos-de-negativa-de-debitos-relativa-divida-ativa-da-Uniao-.pdf\" download=\"https:\/\/sbeb.org.br\/cbeb2024\/wp-content\/uploads\/2024\/07\/Certidao-positiva-com-efeitos-de-negativa-de-debitos-relativa-divida-ativa-da-Uniao-.pdf\">\n\t\t\t\t\t\t<span class=\"elementor-button-content-wrapper\">\n\t\t\t\t\t\t<span class=\"elementor-button-icon elementor-align-icon-left\">\n\t\t\t\t<i aria-hidden=\"true\" class=\"far fa-file-pdf\"><\/i>\t\t\t<\/span>\n\t\t\t\t\t\t<span class=\"elementor-button-text\">Certid\u00e3o positiva com efeitos de negativa de d\u00e9bitos relativa d\u00edvida ativa da Uni\u00e3o<\/span>\n\t\t<\/span>\n\t\t\t\t\t<\/a>\n\t\t<\/div>\n\t\t\t\t<\/div>\n\t\t\t\t<\/div>\n\t\t\t\t<div class=\"elementor-element elementor-element-87aaef6 elementor-align-center elementor-widget__width-inherit elementor-widget elementor-widget-button\" data-id=\"87aaef6\" data-element_type=\"widget\" data-widget_type=\"button.default\">\n\t\t\t\t<div class=\"elementor-widget-container\">\n\t\t\t\t\t<div class=\"elementor-button-wrapper\">\n\t\t\t<a class=\"elementor-button elementor-button-link elementor-size-lg elementor-animation-grow\" href=\"https:\/\/sbeb.org.br\/cbeb2024\/wp-content\/uploads\/2024\/07\/Declaracao-de-Regularidade-quanto-a-Utilizacao-de-Trabalho-de-Menor-.pdf\" download=\"https:\/\/sbeb.org.br\/cbeb2024\/wp-content\/uploads\/2024\/07\/Declaracao-de-Regularidade-quanto-a-Utilizacao-de-Trabalho-de-Menor-.pdf\">\n\t\t\t\t\t\t<span class=\"elementor-button-content-wrapper\">\n\t\t\t\t\t\t<span class=\"elementor-button-icon elementor-align-icon-left\">\n\t\t\t\t<i aria-hidden=\"true\" class=\"far fa-file-pdf\"><\/i>\t\t\t<\/span>\n\t\t\t\t\t\t<span class=\"elementor-button-text\">Declara\u00e7\u00e3o de Regularidade quanto \u00e0 Utiliza\u00e7\u00e3o de Trabalho de Menor<\/span>\n\t\t<\/span>\n\t\t\t\t\t<\/a>\n\t\t<\/div>\n\t\t\t\t<\/div>\n\t\t\t\t<\/div>\n\t\t\t\t<\/div>\n\t\t\t\t\t<\/div>\n\t\t\t\t<\/div>\n\t\t\t\t\t\t\t<\/div>\n\t\t","protected":false},"excerpt":{"rendered":"<p>Baixe aqui os documentos para Solicita\u00e7\u00e3o de Nota de Empenho Com esses dados para empenho \u00e9 poss\u00edvel gerar o recibo. Caso necessite de nota fiscal, fa\u00e7a sua solicita\u00e7\u00e3o atrav\u00e9s do e-mail: vinicius.padilha@oxfordeventos.com.br Cart\u00e3o CNPJ SBEB &#8211; Tax ID Certid\u00e3o negativa de d\u00e9bitos (SEFAZ-RJ) Certid\u00e3o negativa de d\u00e9bitos (TST) Declara\u00e7\u00e3o de Not\u00f3rio Saber Declara\u00e7\u00e3o de Pre\u00e7o [&hellip;]<\/p>\n","protected":false},"author":6,"featured_media":0,"parent":0,"menu_order":0,"comment_status":"closed","ping_status":"closed","template":"elementor_header_footer","meta":{"footnotes":""},"_links":{"self":[{"href":"https:\/\/sbeb.org.br\/cbeb2024\/wp-json\/wp\/v2\/pages\/2896"}],"collection":[{"href":"https:\/\/sbeb.org.br\/cbeb2024\/wp-json\/wp\/v2\/pages"}],"about":[{"href":"https:\/\/sbeb.org.br\/cbeb2024\/wp-json\/wp\/v2\/types\/page"}],"author":[{"embeddable":true,"href":"https:\/\/sbeb.org.br\/cbeb2024\/wp-json\/wp\/v2\/users\/6"}],"replies":[{"embeddable":true,"href":"https:\/\/sbeb.org.br\/cbeb2024\/wp-json\/wp\/v2\/comments?post=2896"}],"version-history":[{"count":46,"href":"https:\/\/sbeb.org.br\/cbeb2024\/wp-json\/wp\/v2\/pages\/2896\/revisions"}],"predecessor-version":[{"id":5627,"href":"https:\/\/sbeb.org.br\/cbeb2024\/wp-json\/wp\/v2\/pages\/2896\/revisions\/5627"}],"wp:attachment":[{"href":"https:\/\/sbeb.org.br\/cbeb2024\/wp-json\/wp\/v2\/media?parent=2896"}],"curies":[{"name":"wp","href":"https:\/\/api.w.org\/{rel}","templated":true}]}}