{"id":2202,"date":"2025-10-18T12:18:53","date_gmt":"2025-10-18T15:18:53","guid":{"rendered":"https:\/\/sbeb.org.br\/cbeb2026\/?page_id=2202"},"modified":"2025-12-02T09:16:52","modified_gmt":"2025-12-02T12:16:52","slug":"ideathon","status":"publish","type":"page","link":"https:\/\/sbeb.org.br\/cbeb2026\/ideathon\/","title":{"rendered":"Ideathon"},"content":{"rendered":"\t\t<div data-elementor-type=\"wp-page\" data-elementor-id=\"2202\" class=\"elementor elementor-2202\" data-elementor-settings=\"{&quot;ha_cmc_init_switcher&quot;:&quot;no&quot;}\" data-elementor-post-type=\"page\">\n\t\t\t\t<div class=\"elementor-element elementor-element-fe8f4c0 e-flex e-con-boxed wpr-particle-no wpr-jarallax-no wpr-parallax-no wpr-sticky-section-no e-con e-parent\" data-id=\"fe8f4c0\" data-element_type=\"container\" data-e-type=\"container\" data-settings=\"{&quot;_ha_eqh_enable&quot;:false}\">\n\t\t\t\t\t<div class=\"e-con-inner\">\n\t\t\t\t<div class=\"elementor-element elementor-element-dd26071 elementor-widget elementor-widget-html\" data-id=\"dd26071\" data-element_type=\"widget\" data-e-type=\"widget\" data-widget_type=\"html.default\">\n\t\t\t\t<div class=\"elementor-widget-container\">\n\t\t\t\t\t<style>\r\n:root {\r\n  --cbeb-blue: #005BC5;\r\n  --cbeb-blue-bg: #0c1035;\r\n  --cbeb-orange-start: #ff6600;\r\n  --cbeb-orange-end: #ff3366;\r\n  --cbeb-yellow: #FFC805;\r\n  --cbeb-dark: #1f2a44;\r\n  --cbeb-light: #ffffff;\r\n  --font: 'Poppins', 'Segoe UI', sans-serif;\r\n}\r\n\r\n\/* ===== HERO ANIMADA ===== *\/\r\n.ideathon-hero {\r\n  background: var(--cbeb-blue-bg);\r\n  color: var(--cbeb-light);\r\n  text-align: center;\r\n  padding: 110px 20px 140px;\r\n  position: relative;\r\n  overflow: hidden;\r\n}\r\n.ideathon-hero::before {\r\n  content: \"\";\r\n  position: absolute;\r\n  inset: 0;\r\n  background:\r\n    radial-gradient(circle at 35% 30%, rgba(255,102,0,0.22), transparent 70%),\r\n    radial-gradient(circle at 70% 75%, rgba(255,51,102,0.28), transparent 70%);\r\n  animation: lightPulse 12s ease-in-out infinite alternate;\r\n  z-index: 0;\r\n}\r\n@keyframes lightPulse {\r\n  0% { opacity: 0.55; transform: scale(1); }\r\n  100% { opacity: 0.9; transform: scale(1.12); }\r\n}\r\n\r\n\/* Logo central animada *\/\r\n.cbeb-logo-center {\r\n  width: 300px;\r\n  margin: 0 auto 35px;\r\n  z-index: 4;\r\n  animation: floatLogo 7s ease-in-out infinite;\r\n}\r\n.cbeb-logo-center img {\r\n  width: 100%;\r\n  filter: drop-shadow(0 0 15px rgba(255,255,255,0.35));\r\n  transition: all .4s ease;\r\n}\r\n.cbeb-logo-center img:hover {\r\n  transform: scale(1.03);\r\n}\r\n@keyframes floatLogo {\r\n  0%, 100% { transform: translateY(0); }\r\n  50% { transform: translateY(-10px); }\r\n}\r\n\r\n\/* \u00cdcone *\/\r\n.ideathon-icon {\r\n  width: 170px;\r\n  height: 170px;\r\n  margin: 0 auto 18px;\r\n  animation: iconPulse 4.5s ease-in-out infinite;\r\n}\r\n@keyframes iconPulse {\r\n  0%, 100% { transform: scale(1); filter: drop-shadow(0 0 12px rgba(255,80,40,0.45)); }\r\n  50% { transform: scale(1.06); filter: drop-shadow(0 0 28px rgba(255,80,40,0.7)); }\r\n}\r\n\r\n\/* T\u00edtulo IDEATHON *\/\r\n.ideathon-title {\r\n  font-size: 4.2rem;\r\n  font-weight: 900;\r\n  letter-spacing: -1px;\r\n  font-family: var(--font);\r\n  position: relative;\r\n  display: inline-block;\r\n  z-index: 2;\r\n  animation: fadeInTitle 1.3s ease-out forwards;\r\n  opacity: 0;\r\n}\r\n@keyframes fadeInTitle {\r\n  0% { opacity: 0; transform: translateY(20px) scale(0.97); }\r\n  100% { opacity: 1; transform: translateY(0) scale(1); }\r\n}\r\n.ideathon-title span.white { color: var(--cbeb-light); }\r\n.ideathon-title span.gradient {\r\n  background: linear-gradient(90deg, var(--cbeb-orange-start), var(--cbeb-orange-end));\r\n  -webkit-background-clip: text;\r\n  -webkit-text-fill-color: transparent;\r\n}\r\n.ideathon-title::after {\r\n  content: \"\";\r\n  position: absolute;\r\n  left: -140%;\r\n  top: 0;\r\n  width: 140%;\r\n  height: 100%;\r\n  background: linear-gradient(120deg, transparent 0%, rgba(255,255,255,0.25) 50%, transparent 100%);\r\n  animation: shine 5.8s infinite linear 1s;\r\n  opacity: 0.8;\r\n}\r\n@keyframes shine {\r\n  0% { left: -150%; }\r\n  100% { left: 150%; }\r\n}\r\n\r\n\/* ===== SE\u00c7\u00c3O DE PATROC\u00cdNIO (logo ap\u00f3s o hero) ===== *\/\r\n.sponsor-section {\r\n  text-align: center;\r\n  background: #fff5e9;\r\n  border-top: 4px solid var(--cbeb-orange-start);\r\n  padding: 80px 20px;\r\n  margin-top: -40px;\r\n  position: relative;\r\n  z-index: 5;\r\n  border-radius: 0 0 18px 18px;\r\n}\r\n.sponsor-section h2 {\r\n  font-size: 2.3rem;\r\n  color: var(--cbeb-orange-start);\r\n  font-weight: 900;\r\n  margin-bottom: 20px;\r\n}\r\n.sponsor-section p {\r\n  max-width: 820px;\r\n  margin: 0 auto 30px;\r\n  font-size: 1.17rem;\r\n  color: #333;\r\n  line-height: 1.8;\r\n}\r\n.sponsor-btn {\r\n  display: inline-block;\r\n  background: linear-gradient(90deg, var(--cbeb-orange-start), var(--cbeb-orange-end));\r\n  padding: 16px 42px;\r\n  color: #fff !important;\r\n  border-radius: 999px;\r\n  font-weight: 800;\r\n  font-size: 1.15rem;\r\n  text-decoration: none;\r\n  box-shadow: 0 5px 20px rgba(0,0,0,0.22);\r\n  transition: all .3s ease;\r\n}\r\n.sponsor-btn:hover {\r\n  background: var(--cbeb-blue);\r\n  transform: translateY(-4px);\r\n}\r\n\r\n\/* ===== CONTE\u00daDO PRINCIPAL ===== *\/\r\n.ideathon-content {\r\n  background: #f9fbff;\r\n  color: var(--cbeb-dark);\r\n  text-align: center;\r\n  font-family: var(--font);\r\n  padding: 90px 20px 70px;\r\n}\r\n.ideathon-content h2 {\r\n  font-size: 2.3rem;\r\n  color: var(--cbeb-blue);\r\n  font-weight: 900;\r\n  margin-bottom: 25px;\r\n}\r\n.ideathon-content p {\r\n  font-size: 1.15rem;\r\n  line-height: 1.85;\r\n  max-width: 850px;\r\n  margin: 0 auto 20px;\r\n}\r\n\r\n\/* Divisor *\/\r\n.ideathon-divider {\r\n  width: 120px;\r\n  height: 5px;\r\n  background: linear-gradient(90deg, var(--cbeb-orange-start), var(--cbeb-blue));\r\n  margin: 50px auto;\r\n  border-radius: 3px;\r\n}\r\n\r\n\/* LISTAS: Participantes e Grupos *\/\r\n.ideathon-flex {\r\n  display: flex;\r\n  flex-wrap: wrap;\r\n  justify-content: center;\r\n  gap: 80px;\r\n  margin: 80px auto;\r\n  max-width: 1000px;\r\n}\r\n.ideathon-list {\r\n  text-align: left;\r\n  max-width: 420px;\r\n}\r\n.ideathon-list h3 {\r\n  font-size: 1.5rem;\r\n  color: var(--cbeb-blue);\r\n  font-weight: 800;\r\n  margin-bottom: 15px;\r\n  border-left: 5px solid var(--cbeb-orange-start);\r\n  padding-left: 12px;\r\n}\r\n.ideathon-list ul {\r\n  padding-left: 0;\r\n  margin: 0;\r\n}\r\n.ideathon-list li {\r\n  font-size: 1.08rem;\r\n  line-height: 1.85;\r\n  margin-bottom: 8px;\r\n  color: #333;\r\n  list-style: none;\r\n  position: relative;\r\n  padding-left: 28px;\r\n}\r\n.ideathon-list li::before {\r\n  content: \"\u2714\";\r\n  color: var(--cbeb-orange-start);\r\n  position: absolute;\r\n  left: 0;\r\n}\r\n\r\n\/* ===== Oportunidades (cards) ===== *\/\r\n.opportunities {\r\n  max-width: 950px;\r\n  margin: 0 auto;\r\n  text-align: center;\r\n}\r\n.opportunities h2 {\r\n  color: var(--cbeb-blue);\r\n  font-weight: 900;\r\n  font-size: 1.9rem;\r\n  margin-bottom: 40px;\r\n}\r\n.cards-grid {\r\n  display: grid;\r\n  grid-template-columns: repeat(auto-fit, minmax(260px, 1fr));\r\n  gap: 30px;\r\n}\r\n.card {\r\n  border-radius: 22px;\r\n  background: linear-gradient(160deg, #7b2ff7, #f107a3);\r\n  color: #fff;\r\n  padding: 35px 25px;\r\n  box-shadow: 0 6px 18px rgba(0, 0, 0, 0.15);\r\n  transition: all 0.4s ease;\r\n}\r\n.card:hover {\r\n  transform: translateY(-6px);\r\n  box-shadow: 0 10px 25px rgba(0,0,0,0.25);\r\n}\r\n.card svg {\r\n  width: 50px;\r\n  height: 50px;\r\n  fill: var(--cbeb-yellow);\r\n  margin-bottom: 15px;\r\n}\r\n.card h3 {\r\n  color: var(--cbeb-yellow);\r\n  font-size: 1.2rem;\r\n  font-weight: 800;\r\n  margin-bottom: 12px;\r\n}\r\n.card p {\r\n  font-size: 1rem;\r\n  line-height: 1.6;\r\n  color: #fff;\r\n}\r\n\r\n\/* ===== Responsivo ===== *\/\r\n@media (max-width: 768px) {\r\n  .cbeb-logo-center { width: 210px; }\r\n  .ideathon-title { font-size: 3rem; }\r\n  .ideathon-content h2 { font-size: 2rem; }\r\n  .ideathon-flex { gap: 40px; margin: 60px auto; }\r\n}\r\n<\/style>\r\n\r\n<!-- ===== HERO ===== -->\r\n<section class=\"ideathon-hero\">\r\n  <!-- Logo central animada -->\r\n  <div class=\"cbeb-logo-center\">\r\n    <img decoding=\"async\" src=\"https:\/\/sbeb.org.br\/cbeb2026\/wp-content\/uploads\/2025\/02\/LogoCBEB2026-2048x877.png\" alt=\"CBEB 2026 Logo\">\r\n  <\/div>\r\n\r\n  <!-- \u00cdcone -->\r\n  <div class=\"ideathon-icon\">\r\n    <svg xmlns=\"http:\/\/www.w3.org\/2000\/svg\" viewBox=\"0 0 64 64\">\r\n      <defs>\r\n        <linearGradient id=\"grad-ideathon\" x1=\"0%\" y1=\"0%\" x2=\"100%\" y2=\"100%\">\r\n          <stop offset=\"0%\" stop-color=\"#ff6600\"\/>\r\n          <stop offset=\"100%\" stop-color=\"#ff3366\"\/>\r\n        <\/linearGradient>\r\n      <\/defs>\r\n      <path d=\"M32 2C18 2 7 13 7 27c0 8 4 15 10 20v6h30v-6c6-5 10-12 10-20C57 13 46 2 32 2zM27 57h10v5H27v-5z\" fill=\"url(#grad-ideathon)\"\/>\r\n      <path d=\"M32 10c-5 0-9 4-9 9 0 2 .7 4 2 6l2 2v4h10v-4l2-2c1.3-2 2-4 2-6 0-5-4-9-9-9z\" fill=\"#ffffff\"\/>\r\n    <\/svg>\r\n  <\/div>\r\n\r\n  <!-- T\u00edtulo -->\r\n  <h1 class=\"ideathon-title\">\r\n    <span class=\"white\">Idea<\/span><span class=\"gradient\">thon<\/span>\r\n  <\/h1>\r\n<\/section>\r\n\r\n<!-- ===== SE\u00c7\u00c3O PATROC\u00cdNIO ===== -->\r\n<section class=\"sponsor-section\">\r\n  <h2>Seja o Patrocinador Oficial do Ideathon CBEB 2026<\/h2>\r\n  <p>\r\n    O CBEB 2026 est\u00e1 abrindo espa\u00e7o para empresas e institui\u00e7\u00f5es que desejam \r\n    impulsionar a inova\u00e7\u00e3o em sa\u00fade e apoiar uma maratona criativa focada em \r\n    solu\u00e7\u00f5es de alto impacto para a sociedade.\r\n  <\/p>\r\n  <p>\r\n    Ao idealizar o Ideathon, sua marca se conecta diretamente com estudantes, \r\n    pesquisadores, startups e profissionais da \u00e1rea, posicionando-se como \r\n    protagonista em tecnologia, inova\u00e7\u00e3o e responsabilidade social.\r\n  <\/p>\r\n\r\n  <a href=\"https:\/\/sbeb.org.br\/cbeb2026\/plano-de-cotas\/\" target=\"_blank\" class=\"sponsor-btn\">\r\n    Quero Idealizar o Ideathon\r\n  <\/a>\r\n<\/section>\r\n\r\n<style>\r\n\/* ------- SE\u00c7\u00c3O BENEF\u00cdCIOS DO PATROCINADOR ------- *\/\r\n.sponsor-benefits {\r\n  background: #ffffff;\r\n  padding: 90px 20px;\r\n  text-align: center;\r\n  font-family: 'Poppins', sans-serif;\r\n}\r\n\r\n.sponsor-benefits h2 {\r\n  font-size: 2.4rem;\r\n  font-weight: 900;\r\n  color: var(--cbeb-blue);\r\n  margin-bottom: 15px;\r\n}\r\n\r\n.sponsor-benefits p.subtitle {\r\n  font-size: 1.15rem;\r\n  max-width: 820px;\r\n  margin: 0 auto 50px;\r\n  color: #444;\r\n  line-height: 1.75;\r\n}\r\n\r\n\/* GRID *\/\r\n.benefits-grid {\r\n  display: grid;\r\n  gap: 35px;\r\n  grid-template-columns: repeat(auto-fit, minmax(260px, 1fr));\r\n  max-width: 1100px;\r\n  margin: 0 auto;\r\n}\r\n\r\n\/* CARD *\/\r\n.benefit-card {\r\n  background: #f9fbff;\r\n  padding: 40px 28px;\r\n  border-radius: 20px;\r\n  box-shadow: 0 6px 18px rgba(0,0,0,0.08);\r\n  transition: all .35s ease;\r\n  border-top: 5px solid var(--cbeb-orange-start);\r\n}\r\n.benefit-card:hover {\r\n  transform: translateY(-8px);\r\n  box-shadow: 0 12px 26px rgba(0,91,197,0.25);\r\n}\r\n\r\n\/* \u00cdCONE *\/\r\n.benefit-icon {\r\n  width: 70px;\r\n  height: 70px;\r\n  margin: 0 auto 18px;\r\n  display: flex;\r\n  align-items: center;\r\n  justify-content: center;\r\n  border-radius: 18px;\r\n  background: linear-gradient(135deg, var(--cbeb-orange-start), var(--cbeb-orange-end));\r\n  box-shadow: 0 4px 12px rgba(255,100,40,0.35);\r\n  animation: popIcon .8s ease-out forwards;\r\n}\r\n\r\n@keyframes popIcon {\r\n  0% { transform: scale(0.7); opacity: 0; }\r\n  100% { transform: scale(1); opacity: 1; }\r\n}\r\n\r\n\/* \u00cdCONES SVG *\/\r\n.benefit-icon svg {\r\n  width: 34px;\r\n  height: 34px;\r\n  fill: #fff;\r\n}\r\n\r\n\/* TITULO DO CARD *\/\r\n.benefit-card h3 {\r\n  font-size: 1.25rem;\r\n  font-weight: 800;\r\n  color: var(--cbeb-blue);\r\n  margin-bottom: 12px;\r\n}\r\n\r\n\/* TEXTO *\/\r\n.benefit-card p {\r\n  font-size: 1rem;\r\n  color: #333;\r\n  line-height: 1.7;\r\n}\r\n\r\n\/* Responsivo *\/\r\n@media (max-width:768px){\r\n  .sponsor-benefits h2 { font-size: 2rem; }\r\n}\r\n<\/style>\r\n\r\n<section class=\"sponsor-benefits\">\r\n  <h2>O que sua empresa ganha ao patrocinar<\/h2>\r\n  <p class=\"subtitle\">\r\n    Patrocinar o <strong>Ideathon CBEB 2026<\/strong> significa muito mais do que colocar sua marca no evento.  \r\n    \u00c9 assumir um papel ativo no futuro da inova\u00e7\u00e3o em sa\u00fade, tecnologia e engenharia biom\u00e9dica.\r\n  <\/p>\r\n\r\n  <div class=\"benefits-grid\">\r\n\r\n    <!-- 1 -->\r\n    <div class=\"benefit-card\">\r\n      <div class=\"benefit-icon\">\r\n        <svg viewBox=\"0 0 24 24\">\r\n          <path d=\"M12 2a9 9 0 00-9 9c0 3.87 2.46 7.16 5.94 8.38L12 22l3.06-2.62A9 9 0 0012 2zm0 2a7 7 0 017 7c0 2.83-1.64 5.26-4 6.32V20l-2-1.68L11 20v-2.68A6.98 6.98 0 015 11a7 7 0 017-7z\"\/>\r\n        <\/svg>\r\n      <\/div>\r\n      <h3>Protagonismo na Inova\u00e7\u00e3o<\/h3>\r\n      <p>Sua marca se posiciona como l\u00edder na transforma\u00e7\u00e3o da sa\u00fade, apoiando ideias que podem virar startups e solu\u00e7\u00f5es reais.<\/p>\r\n    <\/div>\r\n\r\n    <!-- 2 -->\r\n    <div class=\"benefit-card\">\r\n      <div class=\"benefit-icon\">\r\n        <svg viewBox=\"0 0 24 24\">\r\n          <path d=\"M16 11c1.66 0 3-1.34 3-3s-1.34-3-3-3-3 1.34-3 3 1.34 3 3 3zm-8 0c1.66 0 3-1.34 3-3S9.66 5 8 5 5 6.34 5 8s1.34 3 3 3zm8 2c-2.33 0-7 1.17-7 3.5V19h14v-2.5c0-2.33-4.67-3.5-7-3.5zM8 13c-.29 0-.62.02-.97.05C8.67 13.65 10 15.07 10 16.5V19H0v-2.5C0 14.17 4.67 13 8 13z\"\/>\r\n        <\/svg>\r\n      <\/div>\r\n      <h3>Acesso a Talentos<\/h3>\r\n      <p>Contato direto com pesquisadores, estudantes e profissionais de refer\u00eancia \u2014 oportunidade ideal para conex\u00e3o e recrutamento.<\/p>\r\n    <\/div>\r\n\r\n    <!-- 3 -->\r\n    <div class=\"benefit-card\">\r\n      <div class=\"benefit-icon\">\r\n        <svg viewBox=\"0 0 24 24\">\r\n          <path d=\"M3 3v18h18V3H3zm16 16H5V5h14v14zM8 7h8v2H8V7zm0 4h8v2H8v-2zm0 4h5v2H8v-2z\"\/>\r\n        <\/svg>\r\n      <\/div>\r\n      <h3>Visibilidade Estrat\u00e9gica<\/h3>\r\n      <p>Sua empresa ser\u00e1 vista por todo o p\u00fablico do CBEB: congressistas, institui\u00e7\u00f5es parceiras, \u00f3rg\u00e3os p\u00fablicos e empresas do setor.<\/p>\r\n    <\/div>\r\n\r\n    <!-- 4 -->\r\n    <div class=\"benefit-card\">\r\n      <div class=\"benefit-icon\">\r\n        <svg viewBox=\"0 0 24 24\">\r\n          <path d=\"M12 17.27L18.18 21l-1.64-7.03L22 9.24l-7.19-.62L12 2 9.19 8.62 2 9.24l5.46 4.73L5.82 21z\"\/>\r\n        <\/svg>\r\n      <\/div>\r\n      <h3>Associa\u00e7\u00e3o a um Evento Premium<\/h3>\r\n      <p>O CBEB \u00e9 o maior evento de Engenharia Biom\u00e9dica da Am\u00e9rica Latina \u2014 sua marca estar\u00e1 em destaque em um ecossistema de excel\u00eancia.<\/p>\r\n    <\/div>\r\n\r\n    <!-- 5 -->\r\n    <div class=\"benefit-card\">\r\n      <div class=\"benefit-icon\">\r\n        <svg viewBox=\"0 0 24 24\">\r\n          <path d=\"M21 11.5l-8.59-.74L11 2 8.59 10.76 0 11.5l6.64 5.73L4.82 22 11 18.27 17.18 22l-1.82-4.77z\"\/>\r\n        <\/svg>\r\n      <\/div>\r\n      <h3>Impacto Social Real<\/h3>\r\n      <p>As solu\u00e7\u00f5es desenvolvidas no Ideathon podem impactar hospitais, cl\u00ednicas, pesquisa e comunidades \u2014 e sua marca faz parte disso.<\/p>\r\n    <\/div>\r\n\r\n  <\/div>\r\n<\/section>\r\n\r\n\r\n<!-- ===== CONTE\u00daDO PRINCIPAL ===== -->\r\n<section class=\"ideathon-content\">\r\n  <h2>Inova\u00e7\u00e3o e Tecnologia em Sa\u00fade<\/h2>\r\n  <p>\r\n    O <strong>Ideathon CBEB 2026<\/strong> \u00e9 uma maratona de inova\u00e7\u00e3o onde mentes criativas \r\n    se unem para desenvolver solu\u00e7\u00f5es transformadoras na \u00e1rea da \r\n    <strong>engenharia biom\u00e9dica e sa\u00fade digital<\/strong>.\r\n  <\/p>\r\n  <p>\r\n    Com mentoria de especialistas e apoio de institui\u00e7\u00f5es parceiras, os participantes \r\n    poder\u00e3o vivenciar a jornada do <strong>empreendedorismo cient\u00edfico<\/strong> \u2014 desde a ideia \r\n    at\u00e9 a prototipagem de solu\u00e7\u00f5es reais.\r\n  <\/p>\r\n\r\n  <div class=\"ideathon-divider\"><\/div>\r\n\r\n  <div class=\"ideathon-flex\">\r\n    <div class=\"ideathon-list\">\r\n      <h3>Participantes<\/h3>\r\n      <ul>\r\n        <li>Estudantes de qualquer curso poder\u00e3o participar mediante inscri\u00e7\u00e3o pr\u00e9via.<\/li>\r\n        <li>Aberto a alunos de gradua\u00e7\u00e3o e p\u00f3s-gradua\u00e7\u00e3o de todas as \u00e1reas.<\/li>\r\n        <li>Espa\u00e7o ideal para quem deseja desenvolver ideias inovadoras em sa\u00fade.<\/li>\r\n      <\/ul>\r\n    <\/div>\r\n\r\n    <div class=\"ideathon-list\">\r\n      <h3>Grupos de Trabalho<\/h3>\r\n      <ul>\r\n        <li>Participantes (equipes multidisciplinares).<\/li>\r\n        <li>Mentores especialistas em sa\u00fade, tecnologia e neg\u00f3cios.<\/li>\r\n        <li>Jurados com experi\u00eancia acad\u00eamica e de mercado.<\/li>\r\n        <li>Facilitadores para orientar a jornada de inova\u00e7\u00e3o.<\/li>\r\n      <\/ul>\r\n    <\/div>\r\n  <\/div>\r\n\r\n  <div class=\"opportunities\">\r\n    <h2>Oportunidades do Ideathon CBEB 2026<\/h2>\r\n\r\n    <div class=\"cards-grid\">\r\n      <div class=\"card\">\r\n        <svg viewBox=\"0 0 24 24\">\r\n          <path d=\"M9 21h6v-1H9v1zm3-20a8 8 0 0 0-8 8c0 3.07 1.63 5.64 4 7v2h8v-2c2.37-1.36 4-3.93 4-7a8 8 0 0 0-8-8z\"\/>\r\n        <\/svg>\r\n        <h3>Aprender a Criar uma Startup<\/h3>\r\n        <p>\r\n          Durante o evento, ser\u00e3o apresentados os elementos essenciais para criar \r\n          uma startup. O melhor jeito de aprender \u00e9 na pr\u00e1tica, desenvolvendo \r\n          solu\u00e7\u00f5es reais em equipe.\r\n        <\/p>\r\n      <\/div>\r\n\r\n      <div class=\"card\">\r\n        <svg viewBox=\"0 0 24 24\">\r\n          <path d=\"M16 11c1.66 0 2.99-1.34 2.99-3S17.66 5 16 5s-3 1.34-3 3 1.34 3 3 3zM8 11c1.66 0 2.99-1.34 2.99-3S9.66 5 8 5 5 6.34 5 8s1.34 3 3 3zm0 2c-2.33 0-7 1.17-7 3.5V19h14v-2.5C15 14.17 10.33 13 8 13zm8 0c-.29 0-.62.02-.97.05C15.67 13.65 17 15.07 17 16.5V19h6v-2.5C23 14.17 18.33 13 16 13z\"\/>\r\n        <\/svg>\r\n        <h3>Networking de Alto N\u00edvel<\/h3>\r\n        <p>\r\n          Conecte-se com pessoas que compartilham o desejo de transformar a sa\u00fade: \r\n          pesquisadores, estudantes, empreendedores, gestores e profissionais do setor.\r\n        <\/p>\r\n      <\/div>\r\n\r\n      <div class=\"card\">\r\n        <svg viewBox=\"0 0 24 24\">\r\n          <path d=\"M12 2C8.13 2 5 5.13 5 9c0 2.79 1.64 5.19 4 6.32V22l3-2 3 2v-6.68c2.36-1.13 4-3.53 4-6.32 0-3.87-3.13-7-7-7z\"\/>\r\n        <\/svg>\r\n        <h3>Empreendedorismo na Pr\u00e1tica<\/h3>\r\n        <p>\r\n          Com apoio de mentores e especialistas, os participantes poder\u00e3o dar os \r\n          primeiros passos no empreendedorismo, entendendo como validar ideias \r\n          e construir propostas de valor.\r\n        <\/p>\r\n      <\/div>\r\n\r\n      <div class=\"card\">\r\n        <svg viewBox=\"0 0 24 24\">\r\n          <path d=\"M3 17.25V21h3.75L17.81 9.94l-3.75-3.75L3 17.25zM20.71 7.04a1.003 1.003 0 0 0 0-1.42l-2.34-2.34a1.003 1.003 0 0 0-1.42 0l-1.83 1.83 3.75 3.75 1.84-1.82z\"\/>\r\n        <\/svg>\r\n        <h3>Tirar Ideias do Papel<\/h3>\r\n        <p>\r\n          O objetivo dessa jornada \u00e9 ir al\u00e9m da teoria, estimulando a cria\u00e7\u00e3o de \r\n          solu\u00e7\u00f5es com potencial de impacto social, cient\u00edfico e tecnol\u00f3gico.\r\n        <\/p>\r\n      <\/div>\r\n    <\/div>\r\n  <\/div>\r\n<\/section>\r\n\t\t\t\t<\/div>\n\t\t\t\t<\/div>\n\t\t\t\t\t<\/div>\n\t\t\t\t<\/div>\n\t\t\t\t<\/div>\n\t\t","protected":false},"excerpt":{"rendered":"<p>Ideathon Seja o Patrocinador Oficial do Ideathon CBEB 2026 O CBEB 2026 est\u00e1 abrindo espa\u00e7o para empresas e institui\u00e7\u00f5es que desejam impulsionar a inova\u00e7\u00e3o em sa\u00fade e apoiar uma maratona criativa focada em solu\u00e7\u00f5es de alto impacto para a sociedade. Ao idealizar o Ideathon, sua marca se conecta diretamente com estudantes, pesquisadores, startups e profissionais da \u00e1rea, posicionando-se como protagonista em tecnologia, inova\u00e7\u00e3o e responsabilidade social. Quero Idealizar o Ideathon O que sua empresa ganha ao patrocinar Patrocinar o Ideathon CBEB 2026 significa muito mais do que colocar sua marca no evento. \u00c9 assumir um papel ativo no futuro da inova\u00e7\u00e3o em sa\u00fade, tecnologia e engenharia biom\u00e9dica. Protagonismo na Inova\u00e7\u00e3o Sua marca se posiciona como l\u00edder na transforma\u00e7\u00e3o da sa\u00fade, apoiando ideias que podem virar startups e solu\u00e7\u00f5es reais. Acesso a Talentos Contato direto com pesquisadores, estudantes e profissionais de refer\u00eancia \u2014 oportunidade ideal para conex\u00e3o e recrutamento. Visibilidade Estrat\u00e9gica Sua empresa ser\u00e1 vista por todo o p\u00fablico do CBEB: congressistas, institui\u00e7\u00f5es parceiras, \u00f3rg\u00e3os p\u00fablicos e empresas do setor. Associa\u00e7\u00e3o a um Evento Premium O CBEB \u00e9 o maior evento de Engenharia Biom\u00e9dica da Am\u00e9rica Latina \u2014 sua marca estar\u00e1 em destaque em um ecossistema de excel\u00eancia. Impacto Social Real As solu\u00e7\u00f5es desenvolvidas no Ideathon podem impactar hospitais, cl\u00ednicas, pesquisa e comunidades \u2014 e sua marca faz parte disso. Inova\u00e7\u00e3o e Tecnologia em Sa\u00fade O Ideathon CBEB 2026 \u00e9 uma maratona de inova\u00e7\u00e3o onde mentes criativas se unem para desenvolver solu\u00e7\u00f5es transformadoras na \u00e1rea da engenharia biom\u00e9dica e sa\u00fade digital. Com mentoria de especialistas e apoio de institui\u00e7\u00f5es parceiras, os participantes poder\u00e3o vivenciar a jornada do empreendedorismo cient\u00edfico \u2014 desde a ideia at\u00e9 a prototipagem de solu\u00e7\u00f5es reais. Participantes Estudantes de qualquer curso poder\u00e3o participar mediante inscri\u00e7\u00e3o pr\u00e9via. Aberto a alunos de gradua\u00e7\u00e3o e p\u00f3s-gradua\u00e7\u00e3o de todas as \u00e1reas. Espa\u00e7o ideal para quem deseja desenvolver ideias inovadoras em sa\u00fade. Grupos de Trabalho Participantes (equipes multidisciplinares). Mentores especialistas em sa\u00fade, tecnologia e neg\u00f3cios. Jurados com experi\u00eancia acad\u00eamica e de mercado. Facilitadores para orientar a jornada de inova\u00e7\u00e3o. Oportunidades do Ideathon CBEB 2026 Aprender a Criar uma Startup Durante o evento, ser\u00e3o apresentados os elementos essenciais para criar uma startup. O melhor jeito de aprender \u00e9 na pr\u00e1tica, desenvolvendo solu\u00e7\u00f5es reais em equipe. Networking de Alto N\u00edvel Conecte-se com pessoas que compartilham o desejo de transformar a sa\u00fade: pesquisadores, estudantes, empreendedores, gestores e profissionais do setor. Empreendedorismo na Pr\u00e1tica Com apoio de mentores e especialistas, os participantes poder\u00e3o dar os primeiros passos no empreendedorismo, entendendo como validar ideias e construir propostas de valor. Tirar Ideias do Papel O objetivo dessa jornada \u00e9 ir al\u00e9m da teoria, estimulando a cria\u00e7\u00e3o de solu\u00e7\u00f5es com potencial de impacto social, cient\u00edfico e tecnol\u00f3gico.<\/p>\n","protected":false},"author":4,"featured_media":0,"parent":0,"menu_order":0,"comment_status":"closed","ping_status":"closed","template":"","meta":{"_acf_changed":false,"footnotes":""},"class_list":["post-2202","page","type-page","status-publish","hentry"],"acf":[],"_links":{"self":[{"href":"https:\/\/sbeb.org.br\/cbeb2026\/wp-json\/wp\/v2\/pages\/2202","targetHints":{"allow":["GET"]}}],"collection":[{"href":"https:\/\/sbeb.org.br\/cbeb2026\/wp-json\/wp\/v2\/pages"}],"about":[{"href":"https:\/\/sbeb.org.br\/cbeb2026\/wp-json\/wp\/v2\/types\/page"}],"author":[{"embeddable":true,"href":"https:\/\/sbeb.org.br\/cbeb2026\/wp-json\/wp\/v2\/users\/4"}],"replies":[{"embeddable":true,"href":"https:\/\/sbeb.org.br\/cbeb2026\/wp-json\/wp\/v2\/comments?post=2202"}],"version-history":[{"count":28,"href":"https:\/\/sbeb.org.br\/cbeb2026\/wp-json\/wp\/v2\/pages\/2202\/revisions"}],"predecessor-version":[{"id":3262,"href":"https:\/\/sbeb.org.br\/cbeb2026\/wp-json\/wp\/v2\/pages\/2202\/revisions\/3262"}],"wp:attachment":[{"href":"https:\/\/sbeb.org.br\/cbeb2026\/wp-json\/wp\/v2\/media?parent=2202"}],"curies":[{"name":"wp","href":"https:\/\/api.w.org\/{rel}","templated":true}]}}